{"id":2466,"date":"2018-01-19T07:08:19","date_gmt":"2018-01-19T07:08:19","guid":{"rendered":"https:\/\/www.seagullmaldives.com\/seagullcafe\/?page_id=2466"},"modified":"2018-06-20T05:40:48","modified_gmt":"2018-06-20T05:40:48","slug":"location","status":"publish","type":"page","link":"https:\/\/www.seagullmaldives.com\/seagullcafe\/location.html","title":{"rendered":"Location"},"content":{"rendered":"<p>Let the tantalizing aroma of international treats &amp; exotic local food in Maldives Islands, guide you to one of the nation\u2019s finest caf\u00e9s. Seagull Caf\u00e9 is situated in the heart of Mal\u00e9 City opposite the Old National Musuem, &amp; presents an exquisite open-air ambiance.<\/p>\n","protected":false},"excerpt":{"rendered":"<p>Let the tantalizing aroma of international treats &amp; exotic local food in Maldives Islands, guide you to one of the nation\u2019s finest caf\u00e9s. Seagull Caf\u00e9 is situated in the heart of Mal\u00e9 City opposite the Old National Musuem, &amp; presents an exquisite open-air ambiance.<\/p>\n","protected":false},"author":1,"featured_media":0,"parent":0,"menu_order":2,"comment_status":"closed","ping_status":"closed","template":"","meta":{"_acf_changed":false,"footnotes":""},"class_list":["post-2466","page","type-page","status-publish","hentry"],"acf":[],"_links":{"self":[{"href":"https:\/\/www.seagullmaldives.com\/seagullcafe\/wp-json\/wp\/v2\/pages\/2466","targetHints":{"allow":["GET"]}}],"collection":[{"href":"https:\/\/www.seagullmaldives.com\/seagullcafe\/wp-json\/wp\/v2\/pages"}],"about":[{"href":"https:\/\/www.seagullmaldives.com\/seagullcafe\/wp-json\/wp\/v2\/types\/page"}],"author":[{"embeddable":true,"href":"https:\/\/www.seagullmaldives.com\/seagullcafe\/wp-json\/wp\/v2\/users\/1"}],"replies":[{"embeddable":true,"href":"https:\/\/www.seagullmaldives.com\/seagullcafe\/wp-json\/wp\/v2\/comments?post=2466"}],"version-history":[{"count":2,"href":"https:\/\/www.seagullmaldives.com\/seagullcafe\/wp-json\/wp\/v2\/pages\/2466\/revisions"}],"predecessor-version":[{"id":2949,"href":"https:\/\/www.seagullmaldives.com\/seagullcafe\/wp-json\/wp\/v2\/pages\/2466\/revisions\/2949"}],"wp:attachment":[{"href":"https:\/\/www.seagullmaldives.com\/seagullcafe\/wp-json\/wp\/v2\/media?parent=2466"}],"curies":[{"name":"wp","href":"https:\/\/api.w.org\/{rel}","templated":true}]}}